y) = -18*y**2 - y - 1. Let x(j) = d*g(j) + 2*b(j). What is the units digit of x(-1)?
0
Let d = 82 + -51. Let t = d - -62. What is the units digit of t?
3
Suppose -2*c + 14 = -102. Let f = 147 - c. What is the tens digit of f?
8
Suppose 0 = r - 2*r + 1. Let i be 7 - (r + 2 - 1). What is the units digit of -4 + (0 + 10)*i?
6
Suppose 0 = -25*y + 23*y - 2*k + 1770, 2*y - 1779 = k. What is the tens digit of y?
8
Let i(k) = -39*k**2 - 2*k + 1. Let p be i(1). Let t = 7 - p. What is the tens digit of t?
4
Suppose -4*d = -p, -3*p - d - 14 = d. Let j be 795/6 + p/(-8). Let g = j + -91. What is the tens digit of g?
4
Let q = -9 + 325. What is the units digit of q?
6
Let k(i) be the first derivative of 26*i**3/3 + i**2/2 - 7. What is the units digit of k(1)?
7
Suppose -v - 943 = -3*h, 3*h = 8*h - 3*v - 1577. What is the hundreds digit of h?
3
Suppose 6*s - s + 15 = 0, 0 = 4*i + 2*s - 26. Let d(v) be the third derivative of v**5/60 - 11*v**3/6 - 4*v**2. What is the units digit of d(i)?
3
Let b = 1426 - 305. What is the tens digit of b?
2
Let t = 76 + -74. Suppose -t*x + 357 = -4*n - 69, -5*x + 1110 = -n. What is the hundreds digit of x?
2
Let u(z) be the second derivative of -z**3/2 + 39*z**2 - 8*z. What is the tens digit of u(0)?
7
What is the units digit of 422 + -8 + 3 + 8?
5
Let l be 13 + -2 - (-2)/(-6)*0. Suppose l*p - 175 = 6*p. What is the tens digit of p?
3
Suppose 5*p = 2*n + 5, 3*p + 6*n = n + 3. Suppose 3*c + 34 = 2*l - p, -110 = -5*l + 3*c. Suppose -l*x + 30*x - 60 = 0. What is the tens digit of x?
1
Let t(i) = -12*i + 61. Suppose -3*j + 16 = -2*l, -5 = l + 4*j + 25. What is the hundreds digit of t(l)?
2
Let n(u) = 78*u**3 - 3*u**2 + u - 76*u**3 + 5*u**2. Suppose 1 = 5*p + r - 11, 0 = 5*p - 5*r - 30. What is the tens digit of n(p)?
7
Suppose 2*y - 4*w = 218, -y - 2*w + 93 = -0*w. What is the units digit of y?
1
Let r be 439/5 + 12/60. Suppose -29 = -3*t + r. What is the units digit of t?
9
Let v(j) = 18 - 7 - 1 - 48*j. Let y be v(4). What is the units digit of y/(-10) + 44/55?
9
Suppose 4*v + 11 + 1 = -c, -2*v - 6 = -5*c. Let a(h) = -h**3 - h**2 - 2. What is the units digit of a(v)?
6
Let f = -258 - -488. Let z = 337 - f. What is the tens digit of z?
0
Let r(o) = o**2 - o + 41. What is the hundreds digit of r(-14)?
2
Suppose 0 = -10*c - 20. Let h(x) = -50*x. What is the hundreds digit of h(c)?
1
Let m be (-5)/(50/15)*8. What is the tens digit of ((-18)/m)/(2/4) - -29?
3
Let y = -90 - -93. Suppose 2*k - 4*z - 280 = 0, 1 = 2*z + y. What is the tens digit of k?
3
Let y(q) = -11*q + 3 + 7*q - 18*q + 5. What is the units digit of y(-10)?
8
Let t(k) = -8*k + 3 + 6 + 0 + 4*k**2. Suppose -2*j + 30 = 4*h, 5*j + 2*h + 18 = 53. What is the tens digit of t(j)?
6
Suppose -3*l - 1 = 3*m + 5, -2*m = -4*l - 14. Let q(a) = -2*a**3 + a**2 - 2*a - 2. What is the tens digit of q(l)?
6
Suppose -16*f + 19*f = 0. Suppose -s + 20 = -f*s. What is the units digit of s?
0
Let i(x) = 241*x - 1. Let v be i(1). Suppose -4*t + 7*t = d - 110, -2*d - 4*t + v = 0. What is the hundreds digit of d?
1
Let b be (24/9)/((-2)/9). Let n(v) = v**3 + 11*v**2 - 15*v - 16. Let y be n(b). Suppose 2*k - 5*x - 10 = 0, -y = -4*k - 3*x + 2*x. What is the units digit of k?
5
Let f = -17 + 21. Suppose -f*p = s - 5*s - 88, 0 = s + 3*p + 14. Let l = 25 + s. What is the units digit of l?
5
Let a(v) = 2*v + 1 + 6*v + 1. Let d be (1 + -3)*1 + 9. What is the units digit of a(d)?
8
Let g = 14 + -12. Suppose g*d + 3*d - 10 = 0. Suppose -c - 2*a + 14 = -10, 0 = -d*a + 6. What is the units digit of c?
8
Suppose -4*u + 2386 = 3*y - 758, 4*u = 2*y + 3124. What is the units digit of u?
3
Suppose 104 = 11*l - 7*l. Let p be 3856/52 - 4/l. Suppose 2*u + 0 - 6 = 0, -2*s + 2*u + p = 0. What is the tens digit of s?
4
Let d(z) = -3*z - 4. Let l(m) = -m**3 + 2*m**2 - m - 4. Let h be l(2). What is the tens digit of d(h)?
1
Let d = -580 - -846. What is the units digit of d?
6
Let l = 5 + -4. Let u be (l*2)/(2 + -1). Suppose 0 = -0*q + 4*q + u*f - 68, -3*f = -3*q + 60. What is the units digit of q?
8
Suppose 5*u + 3*z = 9009, 16*u - 4*z + 7212 = 20*u. What is the hundreds digit of u?
8
Suppose 6*c = 2*n + c + 36, 0 = n - 2*c + 18. What is the tens digit of n*(5*-1 - (-7)/14)?
8
Suppose 55*p = 14034 + 5216. What is the hundreds digit of p?
3
Let w be ((-2)/(-6))/(2/18). Let c = 38 - 37. What is the units digit of 15 - ((c - w) + 1)?
6
Let b(j) = 42*j - 39. What is the tens digit of b(4)?
2
Let r = -69 - -69. Suppose -5*f + 1006 = u - 3*u, f + u - 197 = r. What is the hundreds digit of f?
2
Suppose -2*u = -619 - 3937. What is the thousands digit of u?
2
Let m(k) = 4 - 4 - 1 - k. Let n be m(-6). Suppose 0 = n*x + 2*r - 54, -4*x + 51 = x + 3*r. What is the units digit of x?
2
Let o(g) = -198*g**3 - 9*g - 22. What is the units digit of o(-2)?
0
Suppose 0 = 4*c, 0 = -4*n + c + 15 + 1. Suppose -n*p - 4*w - 86 + 266 = 0, 5*w + 57 = p. What is the tens digit of p?
4
Suppose 3*n + 4*v - 1041 = 0, 5*v = -n + 8*v + 347. What is the tens digit of n?
4
Let s(g) = 7*g**2 - 43*g - 26. Let k(n) = -3*n**2 + 21*n + 13. Let c(j) = 5*k(j) + 2*s(j). What is the units digit of c(13)?
1
Suppose 42 = 2*m - 3*m. Let l = -16 - m. What is the units digit of l?
6
Let o = -146 - -51. Let m = -56 - o. Let f = m - 28. What is the units digit of f?
1
Let o(y) = 747*y - 35. What is the tens digit of o(1)?
1
Let b(z) = -3*z**3 + 5*z**2 + 5*z + 11. Let q be b(-7). Suppose -3*c = -8*c + 3*p + q, -3*c - 5*p = -750. What is the tens digit of c?
5
Suppose 5*y - 2*y - 147 = 0. Suppose -2*d - 57 = d. Let h = y + d. What is the units digit of h?
0
Suppose 1031 = 9*s - 526. What is the hundreds digit of s?
1
Suppose c - 101 = -2*f, 7*c - 3*c + f - 425 = 0. What is the units digit of c?
7
Suppose 0 = -2*u - 19 + 27. Suppose -5*z + c + 90 = -u*z, -180 = -2*z - c. What is the units digit of z?
0
Let u(w) = -3*w - 20. Let c(m) = -17*m**3 + 2*m**2 - m. Let n be c(1). What is the units digit of u(n)?
8
Let m(t) = 2*t**3 + 6*t**2 - 7*t + 21. What is the tens digit of m(6)?
2
Let d(h) = 12*h - 2. Suppose 0 = 4*c + 5*o - 10*o - 53, 3*c = -2*o + 11. What is the units digit of d(c)?
2
Suppose 6*p + 337 = -377. Let o = -65 - p. Let w = 92 - o. What is the tens digit of w?
3
Let j(a) = -a**3 - 6*a**2 + 10*a - 7. Suppose 5*n - 176 = -r + 5*r, 5*r - 2*n + 203 = 0. Let x = r + 31. What is the tens digit of j(x)?
4
Let i(n) = n**3 + n - 1. Let p(v) = -4*v**3 + 4*v**2 - 5*v + 6. Let d(a) = -5*i(a) - p(a). What is the units digit of d(-6)?
1
Suppose -22392 = 18*i - 36*i. What is the thousands digit of i?
1
Suppose 2*p - 35 = 4*q - 3*q, 0 = 3*p - 9. Let b = q - -140. What is the hundreds digit of b?
1
Suppose -2*d + 4*a - 8*a = -4038, d = 3*a + 2004. What is the hundreds digit of d?
0
Suppose c - 21617 = -5*d, 2*d = 7*c - 6*c + 8651. What is the hundreds digit of d?
3
Let x(g) = -g**3 + 8*g**2 + 13*g - 12. Let y(o) = o + 4. Let s be y(-2). Let w be 9/2*s/1. What is the units digit of x(w)?
4
Let b = 1563 - 583. What is the hundreds digit of b?
9
Let s(t) = -t**3 + 4*t**2 - 2*t + 4. Let f be s(3). Let c(x) = x**2 + 0*x**2 - 6994 + 7011 - 7*x. What is the tens digit of c(f)?
1
Let w(l) = 6*l - 2*l + l**2 + 16 - 1. What is the tens digit of w(-5)?
2
Let r(b) = b**3 + 9*b**2 + 14*b - 3. Suppose -3*y - 5*a - 26 - 7 = 0, -5*a = 15. What is the tens digit of r(y)?
2
Let t(i) = -96*i + 15. Let h be t(2). What is the hundreds digit of (0 - 6/3)/(2/h)?
1
Let r(x) be the first derivative of 2*x**3/3 - 3*x**2/2 - 3*x - 1. Suppose -5*q - 14*j + 10*j + 14 = 0, 3*j = 4*q - 36. What is the tens digit of r(q)?
5
Suppose -1684*p - 2160 = -1688*p. What is the units digit of p?
0
Let l(m) = 5*m + 1. Let h be l(1). Let a(r) = 3*r + 5 - h*r + 4*r - 2*r. What is the units digit of a(-10)?
5
Let y(i) = -21*i + 24. Let o be y(9). What is the units digit of o/10*32/(-6)?
8
Suppose -5*s = -4*g - 255 + 103, 0 = -2*s. What is the units digit of g/(-247) + 518/13?
0
Let j(k) = 4*k + 17. Let r be j(-8). What is the units digit of r/35 - (-628)/28?
2
Suppose 4*u + u - 5075 = 2*w, 4*w = 0. What is the tens digit of u?
1
Suppose -2*a - 6*a = -256. What is the tens digit of a?
3
Suppose -3*l + 15 = 3. What is the units digit of -1*-14*10/l - -3?
8
Let b = -1265 + 2143. What is the units digit of b?
8
Let c be 6